HEX
Server: Apache
System: Linux vps52061 6.8.0-85-generic #85~22.04.1-Ubuntu SMP PREEMPT_DYNAMIC Fri Sep 19 16:18:59 UTC 2 x86_64
User: design11 (105868)
PHP: 8.4.14
Disabled: NONE
Upload Files
File: /home/design11/logs/attentionjunkies.com/https/access.log
91.134.81.133 - - [17/Mar/2026:00:00:29 -0700] "POST /wp-content/plugins/extendify/app/Shared/Services/PluginDependencies/Forms/ahorcado.php HTTP/2.0" 301 539 "-" "Mozilla/5.0 (Macintosh; Intel Mac OS X 10_15_7) AppleWebKit/605.1.15 (KHTML, like Gecko) Version/17.0 Safari/605.1.15" 
205.196.209.171 - - [17/Mar/2026:00:00:30 -0700] "POST /wp-cron.php?doing_wp_cron=1773730830.4581289291381835937500 HTTP/1.1" 200 3649 "-" "WordPress/6.9.4; https://www.attentionjunkies.com" 
107.20.105.74 - - [17/Mar/2026:00:01:22 -0700] "HEAD / HTTP/2.0" 200 142 "http://205.196.209.171" "DreamHost SiteMonitor 1.0" 
95.217.91.19 - - [17/Mar/2026:00:03:09 -0700] "POST /wp-content/plugins/wpforms-lite/vendor_prefixed/ezyang/htmlpurifier/library/HTMLPurifier/VarParser/process_email.php HTTP/2.0" 403 106 "-" "Mozilla/5.0 (Windows NT 10.0; Win64; x64) AppleWebKit/537.36 (KHTML, like Gecko) Chrome/99.0.4844.51 Safari/537.36 Edg/99.0.1150.30" 
167.172.79.172 - - [17/Mar/2026:00:04:28 -0700] "POST /wp-includes/SimplePie/library/SimplePie/Content/Type/mchat.php HTTP/2.0" 301 526 "-" "Mozilla/5.0 (Windows NT 10.0; Win64; x64) AppleWebKit/537.36 (KHTML, like Gecko) Chrome/110.0.0.0 Safari/537.36" 
205.196.209.171 - - [17/Mar/2026:00:04:29 -0700] "POST /wp-cron.php?doing_wp_cron=1773731069.6449809074401855468750 HTTP/1.1" 200 3649 "-" "WordPress/6.9.4; https://www.attentionjunkies.com" 
20.219.105.83 - - [17/Mar/2026:00:05:20 -0700] "POST /wp-content/plugins/wpforms-lite/vendor_prefixed/ezyang/htmlpurifier/library/HTMLPurifier/VarParser/process_email.php HTTP/2.0" 403 97 "-" "Mozilla/5.0 (Windows NT 10.0; Win64; x64) AppleWebKit/537.36 (KHTML, like Gecko) Chrome/104.0.0.0 Safari/537.36" 
107.20.105.74 - - [17/Mar/2026:00:06:22 -0700] "HEAD / HTTP/2.0" 200 142 "http://205.196.209.171" "DreamHost SiteMonitor 1.0" 
191.96.96.33 - - [17/Mar/2026:00:06:38 -0700] "POST /wp-includes/sodium_compat/src/Core/ChaCha20/UnderSoftEngin.php HTTP/2.0" 301 526 "-" "Mozilla/5.0 (Windows NT 10.0; Win64; x64) AppleWebKit/537.36 (KHTML, like Gecko) Chrome/107.0.0.0 Safari/537.36" 
167.172.79.172 - - [17/Mar/2026:00:07:05 -0700] "GET /wp-login.php HTTP/2.0" 200 2233 "-" "Mozilla/5.0 (Macintosh; Intel Mac OS X 10_12_6) AppleWebKit/605.1.15 (KHTML, like Gecko) Version/11.1.2 Safari/605.1.15" 
205.196.209.171 - - [17/Mar/2026:00:07:05 -0700] "POST /wp-cron.php?doing_wp_cron=1773731225.2090098857879638671875 HTTP/1.1" 200 3649 "-" "WordPress/6.9.4; https://www.attentionjunkies.com" 
167.172.79.172 - - [17/Mar/2026:00:07:06 -0700] "POST /wp-login.php HTTP/2.0" 200 2162 "https://attentionjunkies.com/wp-login.php" "Mozilla/5.0 (Macintosh; Intel Mac OS X 10_12_6) AppleWebKit/605.1.15 (KHTML, like Gecko) Version/11.1.2 Safari/605.1.15" 
107.20.105.74 - - [17/Mar/2026:00:11:22 -0700] "HEAD / HTTP/2.0" 200 577 "http://205.196.209.171" "DreamHost SiteMonitor 1.0" 
103.241.43.52 - - [17/Mar/2026:00:11:39 -0700] "POST /wp-content/plugins/wpforms-lite/vendor_prefixed/apimatic/core/src/Logger/Configuration/validator.class.php HTTP/2.0" 301 556 "-" "Mozilla/5.0 (Windows NT 10.0; Win64; x64) AppleWebKit/537.36 (KHTML, like Gecko) Chrome/100.0.4896.75 Safari/537.36" 
162.240.22.47 - - [17/Mar/2026:00:13:23 -0700] "POST /wp-content/plugins/wpforms-lite/vendor_prefixed/apimatic/core/src/Logger/Configuration/validator.class.php HTTP/2.0" 301 556 "-" "Mozilla/5.0 (Windows NT 10.0; Win64; x64) AppleWebKit/537.36 (KHTML, like Gecko) Chrome/99.0.4844.51 Safari/537.36" 
205.196.209.171 - - [17/Mar/2026:00:13:25 -0700] "POST /wp-cron.php?doing_wp_cron=1773731605.0718879699707031250000 HTTP/1.1" 200 3649 "-" "WordPress/6.9.4; https://www.attentionjunkies.com" 
95.217.91.19 - - [17/Mar/2026:00:15:57 -0700] "GET /wp-login.php HTTP/2.0" 200 2233 "-" "Mozilla/5.0 (Macintosh; Intel Mac OS X 10_12_6) AppleWebKit/605.1.15 (KHTML, like Gecko) Version/11.1.2 Safari/605.1.15" 
205.196.209.171 - - [17/Mar/2026:00:15:58 -0700] "POST /wp-cron.php?doing_wp_cron=1773731758.5438261032104492187500 HTTP/1.1" 200 3649 "-" "WordPress/6.9.4; https://www.attentionjunkies.com" 
95.217.91.19 - - [17/Mar/2026:00:15:59 -0700] "POST /wp-login.php HTTP/2.0" 200 2162 "https://attentionjunkies.com/wp-login.php" "Mozilla/5.0 (Macintosh; Intel Mac OS X 10_12_6) AppleWebKit/605.1.15 (KHTML, like Gecko) Version/11.1.2 Safari/605.1.15" 
107.20.105.74 - - [17/Mar/2026:00:16:21 -0700] "HEAD / HTTP/2.0" 200 577 "http://205.196.209.171" "DreamHost SiteMonitor 1.0" 
162.240.22.47 - - [17/Mar/2026:00:16:55 -0700] "POST /wp-includes/sodium_compat/src/PHP52/google_analytics.php HTTP/2.0" 301 521 "-" "Mozilla/5.0 (Linux; Android 12; Pixel 6) AppleWebKit/537.36 (KHTML, like Gecko) Chrome/99.0.4844.58 Mobile Safari/537.36" 
205.196.209.171 - - [17/Mar/2026:00:16:56 -0700] "POST /wp-cron.php?doing_wp_cron=1773731815.9538090229034423828125 HTTP/1.1" 200 3649 "-" "WordPress/6.9.4; https://www.attentionjunkies.com" 
107.20.105.74 - - [17/Mar/2026:00:21:22 -0700] "HEAD / HTTP/2.0" 200 577 "http://205.196.209.171" "DreamHost SiteMonitor 1.0" 
107.20.105.74 - - [17/Mar/2026:00:26:22 -0700] "HEAD / HTTP/2.0" 200 577 "http://205.196.209.171" "DreamHost SiteMonitor 1.0" 
103.28.36.198 - - [17/Mar/2026:00:28:06 -0700] "GET /wp-login.php HTTP/2.0" 200 2233 "-" "Mozilla/5.0 (Macintosh; Intel Mac OS X 10_12_6) AppleWebKit/605.1.15 (KHTML, like Gecko) Version/11.1.2 Safari/605.1.15" 
91.134.81.133 - - [17/Mar/2026:00:28:06 -0700] "GET /wp-login.php HTTP/2.0" 200 2233 "-" "Mozilla/5.0 (Windows NT 6.3; Win64; x64; Trident/7.0; Touch; MDDCJS; rv:11.0) like Gecko" 
205.196.209.171 - - [17/Mar/2026:00:28:10 -0700] "POST /wp-cron.php?doing_wp_cron=1773732489.9098339080810546875000 HTTP/1.1" 200 3649 "-" "WordPress/6.9.4; https://www.attentionjunkies.com" 
103.28.36.198 - - [17/Mar/2026:00:28:11 -0700] "POST /wp-login.php HTTP/2.0" 200 2162 "https://attentionjunkies.com/wp-login.php" "Mozilla/5.0 (Macintosh; Intel Mac OS X 10_12_6) AppleWebKit/605.1.15 (KHTML, like Gecko) Version/11.1.2 Safari/605.1.15" 
91.134.81.133 - - [17/Mar/2026:00:28:11 -0700] "POST /wp-login.php HTTP/2.0" 200 2162 "https://attentionjunkies.com/wp-login.php" "Mozilla/5.0 (Windows NT 6.3; Win64; x64; Trident/7.0; Touch; MDDCJS; rv:11.0) like Gecko" 
205.196.209.171 - - [17/Mar/2026:00:28:47 -0700] "POST /wp-cron.php?doing_wp_cron=1773732527.3150401115417480468750 HTTP/1.1" 200 3649 "-" "WordPress/6.9.4; https://www.attentionjunkies.com" 
194.163.161.202 - - [17/Mar/2026:00:28:46 -0700] "POST /wp-content/plugins/extendify/app/Draft/bnf.php HTTP/2.0" 301 514 "-" "Mozilla/5.0 (Windows NT 10.0; Win64; x64) AppleWebKit/537.36 (KHTML, like Gecko) Chrome/101.0.4951.64 Safari/537.36 Edg/101.0.1210.47" 
107.20.105.74 - - [17/Mar/2026:00:31:24 -0700] "HEAD / HTTP/2.0" 200 577 "http://205.196.209.171" "DreamHost SiteMonitor 1.0" 
163.44.192.46 - - [17/Mar/2026:00:31:54 -0700] "POST /71.php HTTP/2.0" 200 183 "-" "Mozilla/5.0 (Windows NT 10.0; Win64; x64) AppleWebKit/537.36 (KHTML, like Gecko) Chrome/107.0.0.0 Safari/537.36" 
82.223.139.218 - - [17/Mar/2026:00:35:46 -0700] "POST / HTTP/2.0" 200 156 "-" "Mozilla/5.0 (Windows NT 10.0; Win64; x64) AppleWebKit/537.36 (KHTML, like Gecko) Chrome/100.0.4896.75 Safari/537.36" 
107.20.105.74 - - [17/Mar/2026:00:36:22 -0700] "HEAD / HTTP/2.0" 200 577 "http://205.196.209.171" "DreamHost SiteMonitor 1.0" 
157.173.96.120 - - [17/Mar/2026:00:36:47 -0700] "POST / HTTP/2.0" 200 149 "-" "Mozilla/5.0 (Macintosh; Intel Mac OS X 10_15_7) AppleWebKit/605.1.15 (KHTML, like Gecko) Version/17.0 Safari/605.1.15" 
37.59.29.69 - - [17/Mar/2026:00:37:01 -0700] "GET /wp-login.php HTTP/2.0" 200 2233 "-" "Mozilla/5.0 (Windows NT 6.3; Win64; x64; Trident/7.0; Touch; MDDCJS; rv:11.0) like Gecko" 
205.196.209.171 - - [17/Mar/2026:00:37:01 -0700] "POST /wp-cron.php?doing_wp_cron=1773733021.8305211067199707031250 HTTP/1.1" 200 3649 "-" "WordPress/6.9.4; https://www.attentionjunkies.com" 
37.59.29.69 - - [17/Mar/2026:00:37:03 -0700] "POST /wp-login.php HTTP/2.0" 200 2162 "https://attentionjunkies.com/wp-login.php" "Mozilla/5.0 (Windows NT 6.3; Win64; x64; Trident/7.0; Touch; MDDCJS; rv:11.0) like Gecko" 
161.97.133.170 - - [17/Mar/2026:00:37:18 -0700] "GET /wp-login.php HTTP/2.0" 200 2233 "-" "Mozilla/5.0 (Macintosh; Intel Mac OS X 10_12_6) AppleWebKit/605.1.15 (KHTML, like Gecko) Version/11.1.2 Safari/605.1.15" 
161.97.133.170 - - [17/Mar/2026:00:37:18 -0700] "POST /wp-login.php HTTP/2.0" 200 2139 "https://attentionjunkies.com/wp-login.php" "Mozilla/5.0 (Macintosh; Intel Mac OS X 10_12_6) AppleWebKit/605.1.15 (KHTML, like Gecko) Version/11.1.2 Safari/605.1.15" 
45.77.69.213 - - [17/Mar/2026:00:37:59 -0700] "POST /71.php HTTP/2.0" 200 198 "-" "Mozilla/5.0 (Macintosh; Intel Mac OS X 10_15_7) AppleWebKit/537.36 (KHTML, like Gecko) Chrome/120.0.0.0 Safari/537.36" 
138.197.98.70 - - [17/Mar/2026:00:38:59 -0700] "POST /wp-admin/options-general.php HTTP/2.0" 200 145 "-" "Mozilla/5.0 (Windows NT 10.0; Win64; x64) AppleWebKit/537.36 (KHTML, like Gecko) Chrome/101.0.4951.64 Safari/537.36 Edg/101.0.1210.47" 
107.20.105.74 - - [17/Mar/2026:00:41:22 -0700] "HEAD / HTTP/2.0" 200 577 "http://205.196.209.171" "DreamHost SiteMonitor 1.0" 
103.255.134.61 - - [17/Mar/2026:00:44:04 -0700] "POST /wp-admin/options-general.php HTTP/2.0" 200 148 "-" "Mozilla/5.0 (Windows NT 10.0; Win64; x64) AppleWebKit/537.36 (KHTML, like Gecko) Chrome/99.0.4844.51 Safari/537.36 Edg/99.0.1150.30" 
205.185.123.125 - - [17/Mar/2026:00:46:18 -0700] "GET /wp-login.php HTTP/1.1" 200 8606 "-" "Mozilla/5.0 (iPhone; CPU iPhone OS 7_1_1 like Mac OS X) AppleWebKit/537.51.2 (KHTML, like Gecko) Version/7.0 Mobile/11D201 Safari/9537.53" 
205.196.209.171 - - [17/Mar/2026:00:46:19 -0700] "POST /wp-cron.php?doing_wp_cron=1773733579.7608280181884765625000 HTTP/1.1" 200 3649 "-" "WordPress/6.9.4; https://www.attentionjunkies.com" 
107.20.105.74 - - [17/Mar/2026:00:46:21 -0700] "HEAD / HTTP/2.0" 200 577 "http://205.196.209.171" "DreamHost SiteMonitor 1.0" 
205.185.123.125 - - [17/Mar/2026:00:46:25 -0700] "POST /wp-login.php HTTP/1.1" 200 5917 "-" "Mozilla/5.0 (iPhone; CPU iPhone OS 7_1_1 like Mac OS X) AppleWebKit/537.51.2 (KHTML, like Gecko) Version/7.0 Mobile/11D201 Safari/9537.53" 
157.173.96.120 - - [17/Mar/2026:00:47:48 -0700] "GET /wp-login.php HTTP/2.0" 200 2233 "-" "Mozilla/5.0 (Windows NT 6.3; Win64; x64; Trident/7.0; Touch; MDDCJS; rv:11.0) like Gecko" 
205.196.209.171 - - [17/Mar/2026:00:47:49 -0700] "POST /wp-cron.php?doing_wp_cron=1773733669.5946381092071533203125 HTTP/1.1" 200 3649 "-" "WordPress/6.9.4; https://www.attentionjunkies.com" 
157.173.96.120 - - [17/Mar/2026:00:47:50 -0700] "POST /wp-login.php HTTP/2.0" 200 2162 "https://attentionjunkies.com/wp-login.php" "Mozilla/5.0 (Windows NT 6.3; Win64; x64; Trident/7.0; Touch; MDDCJS; rv:11.0) like Gecko" 
217.216.72.111 - - [17/Mar/2026:00:49:58 -0700] "POST /wp-content/plugins/extendify/app/Shared/dom.php HTTP/2.0" 301 515 "-" "Mozilla/5.0 (Windows NT 10.0; Win64; x64) AppleWebKit/537.36 (KHTML, like Gecko) Chrome/101.0.4951.67 Safari/537.36" 
205.196.209.171 - - [17/Mar/2026:00:49:59 -0700] "POST /wp-cron.php?doing_wp_cron=1773733799.9140009880065917968750 HTTP/1.1" 200 3649 "-" "WordPress/6.9.4; https://www.attentionjunkies.com" 
68.178.171.4 - - [17/Mar/2026:00:50:18 -0700] "GET /wp-includes/SimplePie/src/Parse/sanyo.php HTTP/2.0" 301 510 "-" "Mozilla/5.0 (Windows NT 10.0; Win64; x64) AppleWebKit/537.36 (KHTML, like Gecko) Chrome/99.0.4844.51 Safari/537.36 Edg/99.0.1150.30" 
107.20.105.74 - - [17/Mar/2026:00:51:23 -0700] "HEAD / HTTP/2.0" 200 577 "http://205.196.209.171" "DreamHost SiteMonitor 1.0" 
72.52.157.23 - - [17/Mar/2026:00:53:39 -0700] "GET /wp-includes/SimplePie/src/Parse/sanyo.php HTTP/2.0" 301 510 "-" "Mozilla/5.0 (Macintosh; Intel Mac OS X 10_15_7) AppleWebKit/537.36 (KHTML, like Gecko) Chrome/119.0.0.0 Safari/537.36" 
205.196.209.171 - - [17/Mar/2026:00:53:41 -0700] "POST /wp-cron.php?doing_wp_cron=1773734021.3694739341735839843750 HTTP/1.1" 200 3649 "-" "WordPress/6.9.4; https://www.attentionjunkies.com" 
62.151.179.222 - - [17/Mar/2026:00:55:58 -0700] "GET /wp-login.php HTTP/2.0" 200 2233 "-" "Mozilla/5.0 (Windows NT 6.3; Win64; x64; Trident/7.0; Touch; MDDCJS; rv:11.0) like Gecko" 
205.196.209.171 - - [17/Mar/2026:00:56:00 -0700] "POST /wp-cron.php?doing_wp_cron=1773734160.1987769603729248046875 HTTP/1.1" 200 3649 "-" "WordPress/6.9.4; https://www.attentionjunkies.com" 
72.167.150.128 - - [17/Mar/2026:00:55:59 -0700] "GET /wp-login.php HTTP/2.0" 200 2233 "-" "Mozilla/5.0 (Windows NT 6.3; Win64; x64) AppleWebKit/537.36 (KHTML, like Gecko) Chrome/65.0.3325.146 Safari/537.36" 
72.167.150.128 - - [17/Mar/2026:00:56:02 -0700] "POST /wp-login.php HTTP/2.0" 200 2162 "https://attentionjunkies.com/wp-login.php" "Mozilla/5.0 (Windows NT 6.3; Win64; x64) AppleWebKit/537.36 (KHTML, like Gecko) Chrome/65.0.3325.146 Safari/537.36" 
62.151.179.222 - - [17/Mar/2026:00:56:01 -0700] "POST /wp-login.php HTTP/2.0" 200 2162 "https://attentionjunkies.com/wp-login.php" "Mozilla/5.0 (Windows NT 6.3; Win64; x64; Trident/7.0; Touch; MDDCJS; rv:11.0) like Gecko" 
107.20.105.74 - - [17/Mar/2026:00:56:21 -0700] "HEAD / HTTP/2.0" 200 577 "http://205.196.209.171" "DreamHost SiteMonitor 1.0" 
162.240.22.47 - - [17/Mar/2026:00:57:59 -0700] "GET /wp-login.php HTTP/2.0" 200 2233 "-" "Mozilla/5.0 (Windows NT 6.3; Win64; x64) AppleWebKit/537.36 (KHTML, like Gecko) Chrome/65.0.3325.146 Safari/537.36" 
205.196.209.171 - - [17/Mar/2026:00:58:01 -0700] "POST /wp-cron.php?doing_wp_cron=1773734281.3113451004028320312500 HTTP/1.1" 200 3649 "-" "WordPress/6.9.4; https://www.attentionjunkies.com" 
162.240.22.47 - - [17/Mar/2026:00:58:02 -0700] "POST /wp-login.php HTTP/2.0" 200 2162 "https://attentionjunkies.com/wp-login.php" "Mozilla/5.0 (Windows NT 6.3; Win64; x64) AppleWebKit/537.36 (KHTML, like Gecko) Chrome/65.0.3325.146 Safari/537.36" 
161.97.133.170 - - [17/Mar/2026:01:00:20 -0700] "POST /wp-includes/sodium_compat/src/Core/AEGIS/load_lvs.php HTTP/2.0" 301 519 "-" "Mozilla/5.0 (Macintosh; Intel Mac OS X 10_15_7) AppleWebKit/537.36 (KHTML, like Gecko) Chrome/120.0.0.0 Safari/537.36" 
205.196.209.171 - - [17/Mar/2026:01:00:22 -0700] "POST /wp-cron.php?doing_wp_cron=1773734422.5226778984069824218750 HTTP/1.1" 200 3649 "-" "WordPress/6.9.4; https://www.attentionjunkies.com" 
107.20.105.74 - - [17/Mar/2026:01:01:22 -0700] "HEAD / HTTP/2.0" 200 577 "http://205.196.209.171" "DreamHost SiteMonitor 1.0" 
69.167.152.123 - - [17/Mar/2026:01:03:37 -0700] "POST /wp-includes/sodium_compat/src/Core/AEGIS/load_lvs.php HTTP/2.0" 301 519 "-" "Mozilla/5.0 (Windows NT 10.0; Win64; x64) AppleWebKit/537.36 (KHTML, like Gecko) Chrome/99.0.4844.51 Safari/537.36" 
205.196.209.171 - - [17/Mar/2026:01:03:39 -0700] "POST /wp-cron.php?doing_wp_cron=1773734619.0588080883026123046875 HTTP/1.1" 200 3649 "-" "WordPress/6.9.4; https://www.attentionjunkies.com" 
84.200.73.194 - - [17/Mar/2026:01:05:31 -0700] "POST /wp-includes/SimplePie/library/SimplePie/Content/Type/mchat.php HTTP/2.0" 301 526 "-" "Mozilla/5.0 (Macintosh; Intel Mac OS X 10_15_7) AppleWebKit/537.36 (KHTML, like Gecko) Chrome/119.0.0.0 Safari/537.36" 
205.196.209.171 - - [17/Mar/2026:01:05:33 -0700] "POST /wp-cron.php?doing_wp_cron=1773734732.9616670608520507812500 HTTP/1.1" 200 3649 "-" "WordPress/6.9.4; https://www.attentionjunkies.com" 
103.170.123.175 - - [17/Mar/2026:01:05:55 -0700] "POST /wp-content/plugins/wpforms-lite/vendor_prefixed/ezyang/htmlpurifier/library/HTMLPurifier/VarParser/process_email.php HTTP/2.0" 403 94 "-" "Mozilla/5.0 (Macintosh; Intel Mac OS X 10_15_7) AppleWebKit/605.1.15 (KHTML, like Gecko) Version/15.3 Safari/605.1.15" 
107.20.105.74 - - [17/Mar/2026:01:06:22 -0700] "HEAD / HTTP/2.0" 200 577 "http://205.196.209.171" "DreamHost SiteMonitor 1.0" 
167.172.34.239 - - [17/Mar/2026:01:06:29 -0700] "GET /wp-login.php HTTP/2.0" 200 2233 "-" "Mozilla/5.0 (Windows NT 6.3; Win64; x64; Trident/7.0; Touch; MDDCJS; rv:11.0) like Gecko" 
167.172.34.239 - - [17/Mar/2026:01:06:29 -0700] "POST /wp-login.php HTTP/2.0" 200 2139 "https://attentionjunkies.com/wp-login.php" "Mozilla/5.0 (Windows NT 6.3; Win64; x64; Trident/7.0; Touch; MDDCJS; rv:11.0) like Gecko" 
179.108.84.136 - - [17/Mar/2026:01:07:14 -0700] "GET /wp-login.php HTTP/2.0" 200 2233 "-" "Mozilla/5.0 (Windows NT 6.3; Win64; x64) AppleWebKit/537.36 (KHTML, like Gecko) Chrome/65.0.3325.146 Safari/537.36" 
205.196.209.171 - - [17/Mar/2026:01:07:14 -0700] "POST /wp-cron.php?doing_wp_cron=1773734834.8175671100616455078125 HTTP/1.1" 200 3649 "-" "WordPress/6.9.4; https://www.attentionjunkies.com" 
179.108.84.136 - - [17/Mar/2026:01:07:16 -0700] "POST /wp-login.php HTTP/2.0" 200 2162 "https://attentionjunkies.com/wp-login.php" "Mozilla/5.0 (Windows NT 6.3; Win64; x64) AppleWebKit/537.36 (KHTML, like Gecko) Chrome/65.0.3325.146 Safari/537.36" 
107.172.82.29 - - [17/Mar/2026:01:07:15 -0700] "GET /wp-login.php HTTP/2.0" 200 2233 "-" "Mozilla/5.0 (Windows NT 6.3; Win64; x64) AppleWebKit/537.36 (KHTML, like Gecko) Chrome/65.0.3325.146 Safari/537.36" 
107.172.82.29 - - [17/Mar/2026:01:07:17 -0700] "POST /wp-login.php HTTP/2.0" 200 2162 "https://attentionjunkies.com/wp-login.php" "Mozilla/5.0 (Windows NT 6.3; Win64; x64) AppleWebKit/537.36 (KHTML, like Gecko) Chrome/65.0.3325.146 Safari/537.36" 
46.105.39.49 - - [17/Mar/2026:01:08:22 -0700] "GET /robots.txt HTTP/1.1" 200 3888 "-" "Mozilla/5.0 (compatible; MJ12bot/v2.0.5; http://mj12bot.com/)" 
46.105.39.49 - - [17/Mar/2026:01:08:23 -0700] "GET / HTTP/1.1" 404 23974 "-" "Mozilla/5.0 (compatible; MJ12bot/v2.0.5; http://mj12bot.com/)" 
205.196.209.171 - - [17/Mar/2026:01:08:27 -0700] "POST /wp-cron.php?doing_wp_cron=1773734907.5419340133666992187500 HTTP/1.1" 200 3649 "-" "WordPress/6.9.4; https://www.attentionjunkies.com" 
37.77.150.124 - - [17/Mar/2026:01:08:49 -0700] "GET /wp-login.php?wp_lang=en_US HTTP/1.1" 200 5679 "https://www.attentionjunkies.com/wp-login.php" "Mozilla/5.0 (Windows NT 10.0; Win64; x64) AppleWebKit/537.36 (KHTML, like Gecko) Chrome/132.0.0.0 Safari/537.36" 
205.196.209.171 - - [17/Mar/2026:01:08:50 -0700] "POST /wp-cron.php?doing_wp_cron=1773734930.0520770549774169921875 HTTP/1.1" 200 3649 "-" "WordPress/6.9.4; https://www.attentionjunkies.com" 
37.77.150.124 - - [17/Mar/2026:01:08:50 -0700] "GET /wp-login.php?wp_lang=en_US HTTP/1.1" 200 2729 "https://www.attentionjunkies.com/wp-login.php" "Mozilla/5.0 (Windows NT 10.0; Win64; x64) AppleWebKit/537.36 (KHTML, like Gecko) Chrome/132.0.0.0 Safari/537.36" 
37.77.150.124 - - [17/Mar/2026:01:08:54 -0700] "POST /wp-login.php?wp_lang=en_US HTTP/1.1" 200 2695 "https://www.attentionjunkies.com/wp-login.php" "Mozilla/5.0 (Windows NT 10.0; Win64; x64) AppleWebKit/537.36 (KHTML, like Gecko) Chrome/132.0.0.0 Safari/537.36" 
37.77.150.124 - - [17/Mar/2026:01:08:54 -0700] "POST /wp-login.php?wp_lang=en_US HTTP/1.1" 200 2688 "https://www.attentionjunkies.com/wp-login.php" "Mozilla/5.0 (Windows NT 10.0; Win64; x64) AppleWebKit/537.36 (KHTML, like Gecko) Chrome/132.0.0.0 Safari/537.36" 
103.216.118.192 - - [17/Mar/2026:01:09:01 -0700] "POST /wp-content/plugins/wpforms-lite/vendor_prefixed/ezyang/htmlpurifier/library/HTMLPurifier/VarParser/process_email.php HTTP/2.0" 403 106 "-" "Mozilla/5.0 (Windows NT 10.0; Win64; x64) AppleWebKit/537.36 (KHTML, like Gecko) Chrome/104.0.0.0 Safari/537.36" 
51.75.236.138 - - [17/Mar/2026:01:11:22 -0700] "GET /sitemap.rss HTTP/2.0" 404 2209 "-" "Mozilla/5.0 (compatible; AhrefsBot/7.0; +http://ahrefs.com/robot/)" 
107.20.105.74 - - [17/Mar/2026:01:11:23 -0700] "HEAD / HTTP/2.0" 200 142 "http://205.196.209.171" "DreamHost SiteMonitor 1.0" 
37.59.29.69 - - [17/Mar/2026:01:12:57 -0700] "POST /71.php HTTP/2.0" 200 191 "-" "Mozilla/5.0 (Windows NT 10.0; Win64; x64) AppleWebKit/537.36 (KHTML, like Gecko) Chrome/101.0.4951.67 Safari/537.36" 
37.59.29.69 - - [17/Mar/2026:01:13:55 -0700] "POST /71.php HTTP/2.0" 200 2562 "-" "Mozilla/5.0 (Macintosh; Intel Mac OS X 10_15_7) AppleWebKit/537.36 (KHTML, like Gecko) Chrome/120.0.0.0 Safari/537.36" 
107.20.105.74 - - [17/Mar/2026:01:16:23 -0700] "HEAD / HTTP/2.0" 200 142 "http://205.196.209.171" "DreamHost SiteMonitor 1.0" 
196.113.201.31 - - [17/Mar/2026:01:16:31 -0700] "POST /xmlrpc.php HTTP/1.1" 200 3813 "-" "Mozilla/5.0 (Windows NT 10.0; x64) AppleWebKit/537.36 (KHTML, like Gecko) Firefox/99.0.0.0 Safari/537.36" 
82.194.91.137 - - [17/Mar/2026:01:17:02 -0700] "POST /wp-includes/sodium_compat/src/Core/ChaCha20/UnderSoftEngin.php HTTP/2.0" 301 526 "-" "Mozilla/5.0 (Windows NT 10.0; Win64; x64) AppleWebKit/537.36 (KHTML, like Gecko) Chrome/99.0.4844.51 Safari/537.36" 
205.196.209.171 - - [17/Mar/2026:01:17:02 -0700] "POST /wp-cron.php?doing_wp_cron=1773735422.8554570674896240234375 HTTP/1.1" 200 3649 "-" "WordPress/6.9.4; https://www.attentionjunkies.com" 
196.113.201.31 - - [17/Mar/2026:01:19:56 -0700] "GET /wp-json/wp/v2/users HTTP/1.1" 200 4653 "-" "Mozilla/4.0 (compatible; Win32; WinHttp.WinHttpRequest.5)" 
205.196.209.171 - - [17/Mar/2026:01:19:57 -0700] "POST /wp-cron.php?doing_wp_cron=1773735597.6675140857696533203125 HTTP/1.1" 200 3649 "-" "WordPress/6.9.4; https://www.attentionjunkies.com" 
107.20.105.74 - - [17/Mar/2026:01:21:23 -0700] "HEAD / HTTP/2.0" 200 142 "http://205.196.209.171" "DreamHost SiteMonitor 1.0" 
196.113.201.31 - - [17/Mar/2026:01:21:35 -0700] "POST /xmlrpc.php HTTP/1.1" 200 3813 "-" "Mozilla/5.0 (Windows NT 6.2; x86) AppleWebKit/537.36 (KHTML, like Gecko) Safari/10.0.0.0 Safari/537.36" 
205.196.209.171 - - [17/Mar/2026:01:21:37 -0700] "POST /wp-cron.php?doing_wp_cron=1773735697.2828121185302734375000 HTTP/1.1" 200 3649 "-" "WordPress/6.9.4; https://www.attentionjunkies.com" 
196.113.201.31 - - [17/Mar/2026:01:22:47 -0700] "POST /xmlrpc.php HTTP/1.1" 200 3813 "-" "Mozilla/5.0 (Macintosh; Intel Mac OS X 10_15_7; x64) AppleWebKit/537.36 (KHTML, like Gecko) Chrome/110.0.0.0 Safari/537.36" 
205.196.209.171 - - [17/Mar/2026:01:22:47 -0700] "POST /wp-cron.php?doing_wp_cron=1773735767.3093039989471435546875 HTTP/1.1" 200 3649 "-" "WordPress/6.9.4; https://www.attentionjunkies.com" 
196.113.201.31 - - [17/Mar/2026:01:23:58 -0700] "POST /xmlrpc.php HTTP/1.1" 200 3813 "-" "Mozilla/5.0 (Linux; Android 10; x64) AppleWebKit/537.36 (KHTML, like Gecko) Firefox/88.0.0.0 Safari/537.36" 
205.196.209.171 - - [17/Mar/2026:01:23:59 -0700] "POST /wp-cron.php?doing_wp_cron=1773735839.0643839836120605468750 HTTP/1.1" 200 3649 "-" "WordPress/6.9.4; https://www.attentionjunkies.com" 
57.151.82.21 - - [17/Mar/2026:01:24:43 -0700] "POST /wp-content/plugins/extendify/app/Draft/bnf.php HTTP/2.0" 301 514 "-" "Mozilla/5.0 (Linux; Android 12; Pixel 6) AppleWebKit/537.36 (KHTML, like Gecko) Chrome/99.0.4844.58 Mobile Safari/537.36" 
57.151.82.21 - - [17/Mar/2026:01:24:54 -0700] "GET /wp-content/plugins/extendify/app/Draft/bnf.php HTTP/2.0" 404 81528 "-" "Mozilla/5.0 (Linux; Android 12; Pixel 6) AppleWebKit/537.36 (KHTML, like Gecko) Chrome/99.0.4844.58 Mobile Safari/537.36" 
205.196.209.171 - - [17/Mar/2026:01:24:55 -0700] "POST /wp-cron.php?doing_wp_cron=1773735895.9038128852844238281250 HTTP/1.1" 200 3649 "-" "WordPress/6.9.4; https://www.attentionjunkies.com" 
196.113.201.31 - - [17/Mar/2026:01:25:09 -0700] "POST /xmlrpc.php HTTP/1.1" 200 3813 "-" "Mozilla/5.0 (X11; Ubuntu; Linux x86_64; x64) AppleWebKit/537.36 (KHTML, like Gecko) Firefox/75.0.0.0 Safari/537.36" 
196.113.201.31 - - [17/Mar/2026:01:26:18 -0700] "POST /xmlrpc.php HTTP/1.1" 200 3813 "-" "Mozilla/5.0 (Windows NT 10.0; x86) AppleWebKit/537.36 (KHTML, like Gecko) Edge/82.0.0.0 Safari/537.36" 
205.196.209.171 - - [17/Mar/2026:01:26:19 -0700] "POST /wp-cron.php?doing_wp_cron=1773735979.8377490043640136718750 HTTP/1.1" 200 3649 "-" "WordPress/6.9.4; https://www.attentionjunkies.com" 
107.20.105.74 - - [17/Mar/2026:01:26:21 -0700] "HEAD / HTTP/2.0" 200 142 "http://205.196.209.171" "DreamHost SiteMonitor 1.0" 
138.68.109.37 - - [17/Mar/2026:01:27:12 -0700] "POST /wp-content/plugins/extendify/app/Draft/bnf.php HTTP/2.0" 301 514 "-" "Mozilla/5.0 (Windows NT 10.0; Win64; x64) AppleWebKit/537.36 (KHTML, like Gecko) Chrome/101.0.4951.67 Safari/537.36" 
205.196.209.171 - - [17/Mar/2026:01:27:13 -0700] "POST /wp-cron.php?doing_wp_cron=1773736033.2375960350036621093750 HTTP/1.1" 200 3649 "-" "WordPress/6.9.4; https://www.attentionjunkies.com" 
196.113.201.31 - - [17/Mar/2026:01:27:40 -0700] "POST /xmlrpc.php HTTP/1.1" 200 3813 "-" "Mozilla/5.0 (Linux; Android 10; x86) AppleWebKit/537.36 (KHTML, like Gecko) Chrome/85.0.0.0 Safari/537.36" 
195.201.133.39 - - [17/Mar/2026:01:28:24 -0700] "POST /wp-content/plugins/extendify/app/Draft/bnf.php HTTP/2.0" 301 514 "-" "Mozilla/5.0 (Windows NT 10.0; Win64; x64) AppleWebKit/537.36 (KHTML, like Gecko) Chrome/100.0.4896.75 Safari/537.36" 
205.196.209.171 - - [17/Mar/2026:01:28:24 -0700] "POST /wp-cron.php?doing_wp_cron=1773736104.8051791191101074218750 HTTP/1.1" 200 3649 "-" "WordPress/6.9.4; https://www.attentionjunkies.com" 
196.113.201.31 - - [17/Mar/2026:01:28:46 -0700] "POST /xmlrpc.php HTTP/1.1" 200 3813 "-" "Mozilla/5.0 (Windows NT 6.3; arm64) AppleWebKit/537.36 (KHTML, like Gecko) Edge/100.0.0.0 Safari/537.36" 
196.113.201.31 - - [17/Mar/2026:01:29:56 -0700] "POST /xmlrpc.php HTTP/1.1" 200 3813 "-" "Mozilla/5.0 (Windows NT 10.0; x64) AppleWebKit/537.36 (KHTML, like Gecko) Chrome/104.0.0.0 Safari/537.36" 
205.196.209.171 - - [17/Mar/2026:01:29:56 -0700] "POST /wp-cron.php?doing_wp_cron=1773736196.7039480209350585937500 HTTP/1.1" 200 3649 "-" "WordPress/6.9.4; https://www.attentionjunkies.com" 
196.113.201.31 - - [17/Mar/2026:01:31:08 -0700] "POST /xmlrpc.php HTTP/1.1" 200 3813 "-" "Mozilla/5.0 (Windows NT 10.0; arm64) AppleWebKit/537.36 (KHTML, like Gecko) Edge/95.0.0.0 Safari/537.36" 
205.196.209.171 - - [17/Mar/2026:01:31:09 -0700] "POST /wp-cron.php?doing_wp_cron=1773736269.7935669422149658203125 HTTP/1.1" 200 3649 "-" "WordPress/6.9.4; https://www.attentionjunkies.com" 
107.20.105.74 - - [17/Mar/2026:01:31:21 -0700] "HEAD / HTTP/2.0" 200 142 "http://205.196.209.171" "DreamHost SiteMonitor 1.0" 
91.134.81.133 - - [17/Mar/2026:01:32:00 -0700] "POST /wp-content/plugins/extendify/app/Draft/bnf.php HTTP/2.0" 301 511 "-" "Mozilla/5.0 (Macintosh; Intel Mac OS X 10_15_7) AppleWebKit/605.1.15 (KHTML, like Gecko) Version/15.3 Safari/605.1.15" 
205.196.209.171 - - [17/Mar/2026:01:32:00 -0700] "POST /wp-cron.php?doing_wp_cron=1773736320.6125888824462890625000 HTTP/1.1" 200 3649 "-" "WordPress/6.9.4; https://www.attentionjunkies.com" 
91.134.81.133 - - [17/Mar/2026:01:32:19 -0700] "GET /wp-content/plugins/extendify/app/Draft/bnf.php HTTP/2.0" 404 81525 "-" "Mozilla/5.0 (Macintosh; Intel Mac OS X 10_15_7) AppleWebKit/605.1.15 (KHTML, like Gecko) Version/15.3 Safari/605.1.15" 
196.113.201.31 - - [17/Mar/2026:01:33:03 -0700] "POST /xmlrpc.php HTTP/1.1" 200 3813 "-" "Mozilla/5.0 (Windows NT 6.3; arm64) AppleWebKit/537.36 (KHTML, like Gecko) Edge/100.0.0.0 Safari/537.36" 
205.196.209.171 - - [17/Mar/2026:01:33:03 -0700] "POST /wp-cron.php?doing_wp_cron=1773736383.5471320152282714843750 HTTP/1.1" 200 3649 "-" "WordPress/6.9.4; https://www.attentionjunkies.com" 
196.113.201.31 - - [17/Mar/2026:01:34:35 -0700] "POST /xmlrpc.php HTTP/1.1" 200 3813 "-" "Mozilla/5.0 (Windows NT 10.0; arm64) AppleWebKit/537.36 (KHTML, like Gecko) Safari/11.0.0.0 Safari/537.36" 
205.196.209.171 - - [17/Mar/2026:01:34:37 -0700] "POST /wp-cron.php?doing_wp_cron=1773736476.9549849033355712890625 HTTP/1.1" 200 3649 "-" "WordPress/6.9.4; https://www.attentionjunkies.com" 
196.113.201.31 - - [17/Mar/2026:01:35:43 -0700] "POST /xmlrpc.php HTTP/1.1" 200 3813 "-" "Mozilla/5.0 (Macintosh; Intel Mac OS X 10_15_7; x86) AppleWebKit/537.36 (KHTML, like Gecko) Safari/12.0.0.0 Safari/537.36" 
205.196.209.171 - - [17/Mar/2026:01:35:44 -0700] "POST /wp-cron.php?doing_wp_cron=1773736544.0819449424743652343750 HTTP/1.1" 200 3649 "-" "WordPress/6.9.4; https://www.attentionjunkies.com" 
107.20.105.74 - - [17/Mar/2026:01:36:22 -0700] "HEAD / HTTP/2.0" 200 142 "http://205.196.209.171" "DreamHost SiteMonitor 1.0" 
217.216.72.111 - - [17/Mar/2026:01:36:40 -0700] "POST /wp-content/plugins/wpforms-lite/vendor_prefixed/ezyang/htmlpurifier/library/HTMLPurifier/VarParser/process_email.php HTTP/2.0" 403 97 "-" "Mozilla/5.0 (Macintosh; Intel Mac OS X 10_15_7) AppleWebKit/537.36 (KHTML, like Gecko) Chrome/119.0.0.0 Safari/537.36" 
196.113.201.31 - - [17/Mar/2026:01:36:47 -0700] "POST /xmlrpc.php HTTP/1.1" 200 3813 "-" "Mozilla/5.0 (Windows NT 6.2; x86) AppleWebKit/537.36 (KHTML, like Gecko) Firefox/86.0.0.0 Safari/537.36" 
205.196.209.171 - - [17/Mar/2026:01:36:47 -0700] "POST /wp-cron.php?doing_wp_cron=1773736607.3221819400787353515625 HTTP/1.1" 200 3649 "-" "WordPress/6.9.4; https://www.attentionjunkies.com" 
84.200.73.194 - - [17/Mar/2026:01:37:59 -0700] "POST /wp-content/plugins/wpforms-lite/vendor_prefixed/ezyang/htmlpurifier/library/HTMLPurifier/VarParser/process_email.php HTTP/2.0" 403 97 "-" "Mozilla/5.0 (Windows NT 10.0; Win64; x64) AppleWebKit/537.36 (KHTML, like Gecko) Chrome/107.0.0.0 Safari/537.36" 
196.113.201.31 - - [17/Mar/2026:01:38:01 -0700] "POST /xmlrpc.php HTTP/1.1" 200 3813 "-" "Mozilla/5.0 (X11; Ubuntu; Linux x86_64; arm64) AppleWebKit/537.36 (KHTML, like Gecko) Firefox/79.0.0.0 Safari/537.36" 
205.196.209.171 - - [17/Mar/2026:01:38:01 -0700] "POST /wp-cron.php?doing_wp_cron=1773736681.4788820743560791015625 HTTP/1.1" 200 3649 "-" "WordPress/6.9.4; https://www.attentionjunkies.com" 
196.113.201.31 - - [17/Mar/2026:01:38:53 -0700] "POST /xmlrpc.php HTTP/1.1" 200 3813 "-" "Mozilla/5.0 (X11; Ubuntu; Linux x86_64; x86) AppleWebKit/537.36 (KHTML, like Gecko) Safari/14.0.0.0 Safari/537.36" 
205.196.209.171 - - [17/Mar/2026:01:38:53 -0700] "POST /wp-cron.php?doing_wp_cron=1773736733.9085729122161865234375 HTTP/1.1" 200 3649 "-" "WordPress/6.9.4; https://www.attentionjunkies.com" 
196.113.201.31 - - [17/Mar/2026:01:39:45 -0700] "POST /xmlrpc.php HTTP/1.1" 200 3813 "-" "Mozilla/5.0 (Windows NT 10.0; arm64) AppleWebKit/537.36 (KHTML, like Gecko) Firefox/100.0.0.0 Safari/537.36" 
196.113.201.31 - - [17/Mar/2026:01:40:45 -0700] "POST /xmlrpc.php HTTP/1.1" 200 3813 "-" "Mozilla/5.0 (Macintosh; Intel Mac OS X 10_15_7; x86) AppleWebKit/537.36 (KHTML, like Gecko) Safari/11.0.0.0 Safari/537.36" 
205.196.209.171 - - [17/Mar/2026:01:40:45 -0700] "POST /wp-cron.php?doing_wp_cron=1773736845.4113929271697998046875 HTTP/1.1" 200 3649 "-" "WordPress/6.9.4; https://www.attentionjunkies.com" 
107.20.105.74 - - [17/Mar/2026:01:41:22 -0700] "HEAD / HTTP/2.0" 200 577 "http://205.196.209.171" "DreamHost SiteMonitor 1.0" 
196.113.201.31 - - [17/Mar/2026:01:41:59 -0700] "POST /xmlrpc.php HTTP/1.1" 200 3813 "-" "Mozilla/5.0 (Linux; Android 10; x86) AppleWebKit/537.36 (KHTML, like Gecko) Firefox/96.0.0.0 Safari/537.36" 
205.196.209.171 - - [17/Mar/2026:01:41:59 -0700] "POST /wp-cron.php?doing_wp_cron=1773736919.8776779174804687500000 HTTP/1.1" 200 3649 "-" "WordPress/6.9.4; https://www.attentionjunkies.com" 
196.113.201.31 - - [17/Mar/2026:01:42:58 -0700] "POST /xmlrpc.php HTTP/1.1" 200 3813 "-" "Mozilla/5.0 (Macintosh; Intel Mac OS X 10_15_7; arm64) AppleWebKit/537.36 (KHTML, like Gecko) Safari/12.0.0.0 Safari/537.36" 
205.196.209.171 - - [17/Mar/2026:01:42:58 -0700] "POST /wp-cron.php?doing_wp_cron=1773736978.4905030727386474609375 HTTP/1.1" 200 3649 "-" "WordPress/6.9.4; https://www.attentionjunkies.com" 
82.194.91.137 - - [17/Mar/2026:01:43:19 -0700] "POST /wp-content/plugins/wpforms-lite/vendor_prefixed/stripe/stripe-php/lib/Service/Reporting/gzip.php HTTP/2.0" 301 550 "-" "Mozilla/5.0 (Windows NT 10.0; Win64; x64) AppleWebKit/537.36 (KHTML, like Gecko) Chrome/99.0.4844.51 Safari/537.36" 
196.113.201.31 - - [17/Mar/2026:01:44:10 -0700] "POST /xmlrpc.php HTTP/1.1" 200 3813 "-" "Mozilla/5.0 (Macintosh; Intel Mac OS X 10_15_7; x64) AppleWebKit/537.36 (KHTML, like Gecko) Opera/60.0.0.0 Safari/537.36" 
205.196.209.171 - - [17/Mar/2026:01:44:10 -0700] "POST /wp-cron.php?doing_wp_cron=1773737050.4117460250854492187500 HTTP/1.1" 200 3649 "-" "WordPress/6.9.4; https://www.attentionjunkies.com" 
162.240.22.47 - - [17/Mar/2026:01:44:17 -0700] "POST /wp-content/plugins/wpforms-lite/vendor_prefixed/stripe/stripe-php/lib/Service/Reporting/gzip.php HTTP/2.0" 301 550 "-" "Mozilla/5.0 (Windows NT 10.0; Win64; x64) AppleWebKit/537.36 (KHTML, like Gecko) Chrome/100.0.4896.75 Safari/537.36" 
162.240.22.47 - - [17/Mar/2026:01:44:26 -0700] "GET /wp-content/plugins/wpforms-lite/vendor_prefixed/stripe/stripe-php/lib/Service/Reporting/gzip.php HTTP/2.0" 404 81735 "-" "Mozilla/5.0 (Windows NT 10.0; Win64; x64) AppleWebKit/537.36 (KHTML, like Gecko) Chrome/100.0.4896.75 Safari/537.36" 
103.255.134.61 - - [17/Mar/2026:01:44:51 -0700] "POST /wp-content/plugins/wpforms-lite/vendor_prefixed/stripe/stripe-php/lib/Service/Reporting/gzip.php HTTP/2.0" 301 550 "-" "Mozilla/5.0 (Macintosh; Intel Mac OS X 10_15_7) AppleWebKit/537.36 (KHTML, like Gecko) Chrome/120.0.0.0 Safari/537.36" 
205.196.209.171 - - [17/Mar/2026:01:44:51 -0700] "POST /wp-cron.php?doing_wp_cron=1773737091.7251019477844238281250 HTTP/1.1" 200 3649 "-" "WordPress/6.9.4; https://www.attentionjunkies.com" 
196.113.201.31 - - [17/Mar/2026:01:45:08 -0700] "POST /xmlrpc.php HTTP/1.1" 200 3813 "-" "Mozilla/5.0 (Windows NT 6.3; arm64) AppleWebKit/537.36 (KHTML, like Gecko) Chrome/82.0.0.0 Safari/537.36" 
162.240.22.47 - - [17/Mar/2026:01:45:46 -0700] "POST /wp-content/plugins/wpforms-lite/vendor_prefixed/stripe/stripe-php/lib/Service/Reporting/gzip.php HTTP/2.0" 301 550 "-" "Mozilla/5.0 (Windows NT 10.0; Win64; x64) AppleWebKit/537.36 (KHTML, like Gecko) Chrome/99.0.4844.51 Safari/537.36 Edg/99.0.1150.30" 
205.196.209.171 - - [17/Mar/2026:01:45:47 -0700] "POST /wp-cron.php?doing_wp_cron=1773737147.1385519504547119140625 HTTP/1.1" 200 3649 "-" "WordPress/6.9.4; https://www.attentionjunkies.com" 
196.113.201.31 - - [17/Mar/2026:01:45:54 -0700] "POST /xmlrpc.php HTTP/1.1" 200 3813 "-" "Mozilla/5.0 (Windows NT 10.0; x86) AppleWebKit/537.36 (KHTML, like Gecko) Firefox/94.0.0.0 Safari/537.36" 
107.20.105.74 - - [17/Mar/2026:01:46:25 -0700] "HEAD / HTTP/2.0" 200 577 "http://205.196.209.171" "DreamHost SiteMonitor 1.0" 
94.72.107.34 - - [17/Mar/2026:01:46:32 -0700] "POST /wp-content/plugins/wpforms-lite/vendor_prefixed/stripe/stripe-php/lib/Service/Reporting/gzip.php HTTP/2.0" 301 550 "-" "Mozilla/5.0 (Windows NT 10.0; Win64; x64) AppleWebKit/537.36 (KHTML, like Gecko) Chrome/110.0.0.0 Safari/537.36" 
196.113.201.31 - - [17/Mar/2026:01:47:03 -0700] "POST /xmlrpc.php HTTP/1.1" 200 3813 "-" "Mozilla/5.0 (Windows NT 6.2; arm64) AppleWebKit/537.36 (KHTML, like Gecko) Firefox/80.0.0.0 Safari/537.36" 
205.196.209.171 - - [17/Mar/2026:01:47:03 -0700] "POST /wp-cron.php?doing_wp_cron=1773737223.3296918869018554687500 HTTP/1.1" 200 3649 "-" "WordPress/6.9.4; https://www.attentionjunkies.com" 
196.113.201.31 - - [17/Mar/2026:01:47:48 -0700] "POST /xmlrpc.php HTTP/1.1" 200 3813 "-" "Mozilla/5.0 (Windows NT 6.3; arm64) AppleWebKit/537.36 (KHTML, like Gecko) Edge/96.0.0.0 Safari/537.36" 
205.196.209.171 - - [17/Mar/2026:01:47:49 -0700] "POST /wp-cron.php?doing_wp_cron=1773737269.2128949165344238281250 HTTP/1.1" 200 3649 "-" "WordPress/6.9.4; https://www.attentionjunkies.com" 
196.113.201.31 - - [17/Mar/2026:01:48:54 -0700] "POST /xmlrpc.php HTTP/1.1" 200 3813 "-" "Mozilla/5.0 (Linux; Android 10; x86) AppleWebKit/537.36 (KHTML, like Gecko) Chrome/103.0.0.0 Safari/537.36" 
205.196.209.171 - - [17/Mar/2026:01:48:56 -0700] "POST /wp-cron.php?doing_wp_cron=1773737336.0215609073638916015625 HTTP/1.1" 200 3649 "-" "WordPress/6.9.4; https://www.attentionjunkies.com" 
103.216.118.192 - - [17/Mar/2026:01:49:22 -0700] "POST /wp-content/plugins/all-in-one-seo-pack/app/Common/Schema/Graphs/KnowledgeGraph/mainsub.php HTTP/2.0" 301 546 "-" "Mozilla/5.0 (Windows NT 10.0; Win64; x64) AppleWebKit/537.36 (KHTML, like Gecko) Chrome/99.0.4844.51 Safari/537.36 Edg/99.0.1150.30" 
103.216.118.192 - - [17/Mar/2026:01:49:46 -0700] "GET /wp-content/plugins/all-in-one-seo-pack/app/Common/Schema/Graphs/KnowledgeGraph/mainsub.php HTTP/2.0" 404 81707 "-" "Mozilla/5.0 (Windows NT 10.0; Win64; x64) AppleWebKit/537.36 (KHTML, like Gecko) Chrome/99.0.4844.51 Safari/537.36 Edg/99.0.1150.30" 
205.196.209.171 - - [17/Mar/2026:01:49:47 -0700] "POST /wp-cron.php?doing_wp_cron=1773737387.1484138965606689453125 HTTP/1.1" 200 3649 "-" "WordPress/6.9.4; https://www.attentionjunkies.com" 
196.113.201.31 - - [17/Mar/2026:01:49:48 -0700] "POST /xmlrpc.php HTTP/1.1" 200 3813 "-" "Mozilla/5.0 (Linux; Android 10; x86) AppleWebKit/537.36 (KHTML, like Gecko) Safari/10.0.0.0 Safari/537.36" 
196.113.201.31 - - [17/Mar/2026:01:50:47 -0700] "POST /xmlrpc.php HTTP/1.1" 200 3813 "-" "Mozilla/5.0 (Windows NT 10.0; arm64) AppleWebKit/537.36 (KHTML, like Gecko) Chrome/101.0.0.0 Safari/537.36" 
205.196.209.171 - - [17/Mar/2026:01:50:48 -0700] "POST /wp-cron.php?doing_wp_cron=1773737448.1015849113464355468750 HTTP/1.1" 200 3649 "-" "WordPress/6.9.4; https://www.attentionjunkies.com" 
84.200.73.194 - - [17/Mar/2026:01:51:04 -0700] "GET /wp-login.php HTTP/2.0" 200 2233 "-" "Mozilla/5.0 (Windows NT 6.3; Win64; x64) AppleWebKit/537.36 (KHTML, like Gecko) Chrome/65.0.3325.146 Safari/537.36" 
84.200.73.194 - - [17/Mar/2026:01:51:04 -0700] "POST /wp-login.php HTTP/2.0" 200 2139 "https://attentionjunkies.com/wp-login.php" "Mozilla/5.0 (Windows NT 6.3; Win64; x64) AppleWebKit/537.36 (KHTML, like Gecko) Chrome/65.0.3325.146 Safari/537.36" 
107.20.105.74 - - [17/Mar/2026:01:51:21 -0700] "HEAD / HTTP/2.0" 200 577 "http://205.196.209.171" "DreamHost SiteMonitor 1.0" 
196.113.201.31 - - [17/Mar/2026:01:51:50 -0700] "POST /xmlrpc.php HTTP/1.1" 200 3813 "-" "Mozilla/5.0 (X11; Ubuntu; Linux x86_64; x64) AppleWebKit/537.36 (KHTML, like Gecko) Safari/11.0.0.0 Safari/537.36" 
205.196.209.171 - - [17/Mar/2026:01:51:51 -0700] "POST /wp-cron.php?doing_wp_cron=1773737511.1634259223937988281250 HTTP/1.1" 200 3649 "-" "WordPress/6.9.4; https://www.attentionjunkies.com" 
196.113.201.31 - - [17/Mar/2026:01:52:50 -0700] "POST /xmlrpc.php HTTP/1.1" 200 3813 "-" "Mozilla/5.0 (X11; Ubuntu; Linux x86_64; arm64) AppleWebKit/537.36 (KHTML, like Gecko) Safari/15.0.0.0 Safari/537.36" 
205.196.209.171 - - [17/Mar/2026:01:52:50 -0700] "POST /wp-cron.php?doing_wp_cron=1773737570.8086719512939453125000 HTTP/1.1" 200 3649 "-" "WordPress/6.9.4; https://www.attentionjunkies.com" 
196.113.201.31 - - [17/Mar/2026:01:53:44 -0700] "POST /xmlrpc.php HTTP/1.1" 200 3813 "-" "Mozilla/5.0 (Windows NT 10.0; x64) AppleWebKit/537.36 (KHTML, like Gecko) Chrome/81.0.0.0 Safari/537.36" 
202.124.204.254 - - [17/Mar/2026:01:54:09 -0700] "POST /wp-content/plugins/wpforms-lite/vendor_prefixed/apimatic/core/src/Request/Parameters/deleteuserplugin.php HTTP/2.0" 301 552 "-" "Mozilla/5.0 (Macintosh; Intel Mac OS X 10_15_7) AppleWebKit/605.1.15 (KHTML, like Gecko) Version/15.5 Safari/605.1.15" 
205.196.209.171 - - [17/Mar/2026:01:54:09 -0700] "POST /wp-cron.php?doing_wp_cron=1773737649.8966450691223144531250 HTTP/1.1" 200 3649 "-" "WordPress/6.9.4; https://www.attentionjunkies.com" 
202.124.204.254 - - [17/Mar/2026:01:54:38 -0700] "GET /wp-content/plugins/wpforms-lite/vendor_prefixed/apimatic/core/src/Request/Parameters/deleteuserplugin.php HTTP/2.0" 404 81777 "-" "Mozilla/5.0 (Macintosh; Intel Mac OS X 10_15_7) AppleWebKit/605.1.15 (KHTML, like Gecko) Version/15.5 Safari/605.1.15" 
196.113.201.31 - - [17/Mar/2026:01:54:51 -0700] "POST /xmlrpc.php HTTP/1.1" 200 3813 "-" "Mozilla/5.0 (Linux; Android 10; arm64) AppleWebKit/537.36 (KHTML, like Gecko) Opera/62.0.0.0 Safari/537.36" 
205.196.209.171 - - [17/Mar/2026:01:54:51 -0700] "POST /wp-cron.php?doing_wp_cron=1773737691.7626190185546875000000 HTTP/1.1" 200 3649 "-" "WordPress/6.9.4; https://www.attentionjunkies.com" 
196.113.201.31 - - [17/Mar/2026:01:55:44 -0700] "POST /xmlrpc.php HTTP/1.1" 200 3813 "-" "Mozilla/5.0 (Windows NT 6.2; arm64) AppleWebKit/537.36 (KHTML, like Gecko) Edge/83.0.0.0 Safari/537.36" 
184.107.184.66 - - [17/Mar/2026:01:55:45 -0700] "POST /wp-content/plugins/wp-mail-smtp/vendor_prefixed/symfony/polyfill-intl-idn/Resources/unidata/index.php HTTP/2.0" 301 547 "-" "Mozilla/5.0 (Linux; Android 12; Pixel 6) AppleWebKit/537.36 (KHTML, like Gecko) Chrome/99.0.4844.58 Mobile Safari/537.36" 
184.107.184.66 - - [17/Mar/2026:01:56:09 -0700] "GET /wp-content/plugins/wp-mail-smtp/vendor_prefixed/symfony/polyfill-intl-idn/Resources/unidata/ HTTP/2.0" 404 81716 "-" "Mozilla/5.0 (Linux; Android 12; Pixel 6) AppleWebKit/537.36 (KHTML, like Gecko) Chrome/99.0.4844.58 Mobile Safari/537.36" 
205.196.209.171 - - [17/Mar/2026:01:56:10 -0700] "POST /wp-cron.php?doing_wp_cron=1773737770.5127589702606201171875 HTTP/1.1" 200 3649 "-" "WordPress/6.9.4; https://www.attentionjunkies.com" 
107.20.105.74 - - [17/Mar/2026:01:56:21 -0700] "HEAD / HTTP/2.0" 200 577 "http://205.196.209.171" "DreamHost SiteMonitor 1.0" 
196.113.201.31 - - [17/Mar/2026:01:56:47 -0700] "POST /xmlrpc.php HTTP/1.1" 200 3813 "-" "Mozilla/5.0 (Windows NT 6.2; arm64) AppleWebKit/537.36 (KHTML, like Gecko) Firefox/91.0.0.0 Safari/537.36" 
205.196.209.171 - - [17/Mar/2026:01:56:48 -0700] "POST /wp-cron.php?doing_wp_cron=1773737807.9651639461517333984375 HTTP/1.1" 200 3649 "-" "WordPress/6.9.4; https://www.attentionjunkies.com" 
192.176.172.166 - - [17/Mar/2026:01:57:25 -0700] "POST /wp-content/plugins/wp-mail-smtp/vendor_prefixed/symfony/polyfill-intl-idn/Resources/unidata/index.php HTTP/2.0" 301 547 "-" "Mozilla/5.0 (Macintosh; Intel Mac OS X 10_15_7) AppleWebKit/537.36 (KHTML, like Gecko) Chrome/119.0.0.0 Safari/537.36" 
192.176.172.166 - - [17/Mar/2026:01:57:43 -0700] "GET /wp-content/plugins/wp-mail-smtp/vendor_prefixed/symfony/polyfill-intl-idn/Resources/unidata/ HTTP/2.0" 404 81725 "-" "Mozilla/5.0 (Macintosh; Intel Mac OS X 10_15_7) AppleWebKit/537.36 (KHTML, like Gecko) Chrome/119.0.0.0 Safari/537.36" 
196.113.201.31 - - [17/Mar/2026:01:57:47 -0700] "POST /xmlrpc.php HTTP/1.1" 200 3813 "-" "Mozilla/5.0 (Windows NT 6.3; x64) AppleWebKit/537.36 (KHTML, like Gecko) Edge/84.0.0.0 Safari/537.36" 
205.196.209.171 - - [17/Mar/2026:01:57:47 -0700] "POST /wp-cron.php?doing_wp_cron=1773737867.9220631122589111328125 HTTP/1.1" 200 3649 "-" "WordPress/6.9.4; https://www.attentionjunkies.com" 
179.108.84.136 - - [17/Mar/2026:01:58:40 -0700] "POST /wp-content/plugins/wp-mail-smtp/vendor_prefixed/symfony/polyfill-intl-idn/Resources/unidata/index.php HTTP/2.0" 301 547 "-" "Mozilla/5.0 (Windows NT 10.0; Win64; x64) AppleWebKit/537.36 (KHTML, like Gecko) Chrome/107.0.0.0 Safari/537.36" 
82.194.91.137 - - [17/Mar/2026:01:58:45 -0700] "POST /wp-content/plugins/wp-mail-smtp/vendor_prefixed/symfony/polyfill-intl-idn/Resources/unidata/index.php HTTP/2.0" 301 547 "-" "Mozilla/5.0 (Macintosh; Intel Mac OS X 10_15_7) AppleWebKit/537.36 (KHTML, like Gecko) Chrome/120.0.0.0 Safari/537.36" 
82.194.91.137 - - [17/Mar/2026:01:58:59 -0700] "GET /wp-content/plugins/wp-mail-smtp/vendor_prefixed/symfony/polyfill-intl-idn/Resources/unidata/ HTTP/2.0" 404 81716 "-" "Mozilla/5.0 (Macintosh; Intel Mac OS X 10_15_7) AppleWebKit/537.36 (KHTML, like Gecko) Chrome/120.0.0.0 Safari/537.36" 
196.113.201.31 - - [17/Mar/2026:01:59:00 -0700] "POST /xmlrpc.php HTTP/1.1" 200 3813 "-" "Mozilla/5.0 (Windows NT 6.3; x86) AppleWebKit/537.36 (KHTML, like Gecko) Safari/14.0.0.0 Safari/537.36" 
205.196.209.171 - - [17/Mar/2026:01:59:00 -0700] "POST /wp-cron.php?doing_wp_cron=1773737940.2943730354309082031250 HTTP/1.1" 200 3649 "-" "WordPress/6.9.4; https://www.attentionjunkies.com" 
179.108.84.136 - - [17/Mar/2026:01:59:08 -0700] "GET /wp-content/plugins/wp-mail-smtp/vendor_prefixed/symfony/polyfill-intl-idn/Resources/unidata/ HTTP/2.0" 404 81716 "-" "Mozilla/5.0 (Windows NT 10.0; Win64; x64) AppleWebKit/537.36 (KHTML, like Gecko) Chrome/107.0.0.0 Safari/537.36" 
205.196.209.171 - - [17/Mar/2026:02:00:11 -0700] "POST /wp-cron.php?doing_wp_cron=1773738010.9100561141967773437500 HTTP/1.1" 200 3649 "-" "WordPress/6.9.4; https://www.attentionjunkies.com" 
196.113.201.31 - - [17/Mar/2026:02:00:10 -0700] "POST /xmlrpc.php HTTP/1.1" 200 3813 "-" "Mozilla/5.0 (Windows NT 6.3; x64) AppleWebKit/537.36 (KHTML, like Gecko) Chrome/115.0.0.0 Safari/537.36" 
66.116.226.103 - - [17/Mar/2026:02:00:33 -0700] "POST /wp-content/plugins/wp-mail-smtp/vendor_prefixed/symfony/polyfill-intl-idn/Resources/unidata/index.php HTTP/2.0" 301 547 "-" "Mozilla/5.0 (Windows NT 10.0; Win64; x64) AppleWebKit/537.36 (KHTML, like Gecko) Chrome/107.0.0.0 Safari/537.36" 
93.158.90.71 - - [17/Mar/2026:02:00:33 -0700] "GET / HTTP/1.1" 200 27349 "http://attentionjunkies.com/" "Mozilla/5.0 (X11; CrOS x86_64 14541.0.0) AppleWebKit/537.36 (KHTML, like Gecko) Chrome/121.0.0.0 Safari/537.3" 
205.196.209.171 - - [17/Mar/2026:02:00:55 -0700] "POST /wp-cron.php?doing_wp_cron=1773738055.8012111186981201171875 HTTP/1.1" 200 3649 "-" "WordPress/6.9.4; https://www.attentionjunkies.com" 
196.113.201.31 - - [17/Mar/2026:02:00:55 -0700] "POST /xmlrpc.php HTTP/1.1" 200 3813 "-" "Mozilla/5.0 (Windows NT 6.3; x64) AppleWebKit/537.36 (KHTML, like Gecko) Chrome/97.0.0.0 Safari/537.36" 
107.20.105.74 - - [17/Mar/2026:02:01:20 -0700] "HEAD / HTTP/2.0" 200 142 "http://205.196.209.171" "DreamHost SiteMonitor 1.0" 
205.196.209.171 - - [17/Mar/2026:02:02:07 -0700] "POST /wp-cron.php?doing_wp_cron=1773738127.0545270442962646484375 HTTP/1.1" 200 3649 "-" "WordPress/6.9.4; https://www.attentionjunkies.com" 
196.113.201.31 - - [17/Mar/2026:02:02:06 -0700] "POST /xmlrpc.php HTTP/1.1" 200 3813 "-" "Mozilla/5.0 (Windows NT 10.0; x64) AppleWebKit/537.36 (KHTML, like Gecko) Firefox/93.0.0.0 Safari/537.36" 
205.196.209.171 - - [17/Mar/2026:02:03:13 -0700] "POST /wp-cron.php?doing_wp_cron=1773738193.9438760280609130859375 HTTP/1.1" 200 3649 "-" "WordPress/6.9.4; https://www.attentionjunkies.com" 
196.113.201.31 - - [17/Mar/2026:02:03:13 -0700] "POST /xmlrpc.php HTTP/1.1" 200 3813 "-" "Mozilla/5.0 (Windows NT 6.3; x86) AppleWebKit/537.36 (KHTML, like Gecko) Opera/75.0.0.0 Safari/537.36" 
163.44.192.46 - - [17/Mar/2026:02:03:35 -0700] "POST /wp-content/plugins/wpforms-lite/vendor_prefixed/stripe/stripe-php/lib/Service/Issuing/cleanup.php HTTP/2.0" 301 547 "-" "Mozilla/5.0 (iPhone; CPU iPhone OS 17_2 like Mac OS X) AppleWebKit/605.1.15 (KHTML, like Gecko) Version/17.2 Mobile/15E148 Safari/604.1" 
205.196.209.171 - - [17/Mar/2026:02:03:59 -0700] "POST /wp-cron.php?doing_wp_cron=1773738239.1270959377288818359375 HTTP/1.1" 200 3649 "-" "WordPress/6.9.4; https://www.attentionjunkies.com" 
196.113.201.31 - - [17/Mar/2026:02:03:58 -0700] "POST /xmlrpc.php HTTP/1.1" 200 3813 "-" "Mozilla/5.0 (Windows NT 6.3; x64) AppleWebKit/537.36 (KHTML, like Gecko) Chrome/115.0.0.0 Safari/537.36" 
103.28.36.199 - - [17/Mar/2026:02:04:41 -0700] "POST /wp-content/plugins/all-in-one-seo-pack/app/Common/Views/sitemap/html/widget.options.php HTTP/2.0" 301 540 "-" "Mozilla/5.0 (Macintosh; Intel Mac OS X 10_15_7) AppleWebKit/605.1.15 (KHTML, like Gecko) Version/15.3 Safari/605.1.15" 
74.7.230.62 - - [17/Mar/2026:02:04:45 -0700] "GET /robots.txt HTTP/2.0" 200 289 "-" "Mozilla/5.0 (Macintosh; Intel Mac OS X 10_15_7) AppleWebKit/537.36 (KHTML, like Gecko) Chrome/131.0.0.0 Safari/537.36; compatible; OAI-SearchBot/1.3; robots.txt; +https://openai.com/searchbot" 
74.7.242.19 - - [17/Mar/2026:02:04:45 -0700] "GET / HTTP/2.0" 404 409 "-" "Mozilla/5.0 AppleWebKit/537.36 (KHTML, like Gecko; compatible; GPTBot/1.3; +https://openai.com/gptbot)" 
103.28.36.199 - - [17/Mar/2026:02:05:14 -0700] "GET /wp-content/plugins/all-in-one-seo-pack/app/Common/Views/sitemap/html/widget.options.php HTTP/2.0" 404 81701 "-" "Mozilla/5.0 (Macintosh; Intel Mac OS X 10_15_7) AppleWebKit/605.1.15 (KHTML, like Gecko) Version/15.3 Safari/605.1.15" 
205.196.209.171 - - [17/Mar/2026:02:05:14 -0700] "POST /wp-cron.php?doing_wp_cron=1773738314.7101860046386718750000 HTTP/1.1" 200 3649 "-" "WordPress/6.9.4; https://www.attentionjunkies.com" 
107.20.105.74 - - [17/Mar/2026:02:06:22 -0700] "HEAD / HTTP/2.0" 200 142 "http://205.196.209.171" "DreamHost SiteMonitor 1.0" 
103.216.118.192 - - [17/Mar/2026:02:06:39 -0700] "GET /wp-content/plugins/wpforms-lite/src/Forms/Fields/Addons/Coupon/topframe.php HTTP/2.0" 301 535 "-" "Mozilla/5.0 (Windows NT 10.0; Win64; x64) AppleWebKit/537.36 (KHTML, like Gecko) Chrome/99.0.4844.51 Safari/537.36" 
103.56.163.133 - - [17/Mar/2026:02:07:37 -0700] "GET /wp-content/plugins/wpforms-lite/src/Forms/Fields/Addons/Coupon/topframe.php HTTP/2.0" 301 535 "-" "Mozilla/5.0 (Windows NT 10.0; Win64; x64) AppleWebKit/537.36 (KHTML, like Gecko) Chrome/101.0.4951.67 Safari/537.36" 
205.196.209.171 - - [17/Mar/2026:02:07:38 -0700] "POST /wp-cron.php?doing_wp_cron=1773738458.2191519737243652343750 HTTP/1.1" 200 3649 "-" "WordPress/6.9.4; https://www.attentionjunkies.com" 
212.227.151.177 - - [17/Mar/2026:02:10:47 -0700] "POST /wp-content/plugins/wpforms-lite/vendor_prefixed/stripe/stripe-php/lib/Service/Issuing/cleanup.php HTTP/2.0" 301 550 "-" "Mozilla/5.0 (Windows NT 10.0; Win64; x64) AppleWebKit/537.36 (KHTML, like Gecko) Chrome/99.0.4844.51 Safari/537.36 Edg/99.0.1150.30" 
205.196.209.171 - - [17/Mar/2026:02:10:48 -0700] "POST /wp-cron.php?doing_wp_cron=1773738648.6810710430145263671875 HTTP/1.1" 200 3649 "-" "WordPress/6.9.4; https://www.attentionjunkies.com" 
107.20.105.74 - - [17/Mar/2026:02:11:21 -0700] "HEAD / HTTP/2.0" 200 142 "http://205.196.209.171" "DreamHost SiteMonitor 1.0" 
216.73.216.143 - - [17/Mar/2026:02:12:02 -0700] "GET /robots.txt HTTP/2.0" 200 289 "-" "Mozilla/5.0 AppleWebKit/537.36 (KHTML, like Gecko; compatible; ClaudeBot/1.0; +claudebot@anthropic.com)" 
216.73.216.143 - - [17/Mar/2026:02:12:02 -0700] "GET /index.php/sitemap.xml HTTP/2.0" 404 952 "-" "Mozilla/5.0 AppleWebKit/537.36 (KHTML, like Gecko; compatible; ClaudeBot/1.0; +claudebot@anthropic.com)" 
